hat are the prime factors of j?
5, 19, 31
Let m = -562 - -549. Let c = 22 - m. What are the prime factors of c?
5, 7
Suppose -5*g + 234301 = k, -21*g = -19*g - 4*k - 93694. What are the prime factors of g?
47, 997
Let m be 110/33*18/12. Suppose -m*k - 482 = -2*t + 249, -1059 = -3*t - 5*k. What are the prime factors of t?
2, 179
Suppose -2*q - 4*l - 162 = -0*q, 0 = -3*q + 5*l - 210. Let v = 68 + q. What are the prime factors of 2052/28 - (-2)/v?
73
Suppose -b + 5*j + 2789 = 0, -191*b - 3*j = -192*b + 2787. What are the prime factors of b?
2, 3, 29
Let x = 13 - 8. Suppose d - x*d + 16 = 0. List the prime factors of d + -3 - (-52)/1.
53
Let b(k) = 3*k**2 - 28*k + 12. Let v be b(9). List the prime factors of 386 + v + 0 + 8.
397
Suppose -19 = -5*x - 3*i, 8 = 3*x + 3*i - 1. Let q = -5 - -16. Suppose -q*u + 324 = -x*u. List the prime factors of u.
2, 3
Let v = 313 - 283. Suppose v*g - 77*g = -75341. List the prime factors of g.
7, 229
Suppose 5*k = 2*r + 7360, -26*r = -23*r + 15. What are the prime factors of k?
2, 3, 5, 7
Let n = 213 - 249. Let q(j) = -j**3 - 36*j**2 - 10*j - 83. What are the prime factors of q(n)?
277
Let h be 10/2*(-4752)/(-45). Suppose -96 = -4*j + h. Suppose j = 5*g - 3*y, -y = 3 - 1. List the prime factors of g.
2, 3, 5
Let u = -376 + 26557. List the prime factors of u.
3, 2909
Suppose -13*x = 18474 - 91131. List the prime factors of x.
3, 23
Suppose -4*b + 2*a = b - 6476, -2*b + 2591 = -a. Let n = b - 174. List the prime factors of n.
2, 5, 7
Let n = 143210 + -72752. List the prime factors of n.
2, 3, 11743
Let w = -4550 - -4556. Let m be -105*(-14)/(-6)*-1. Suppose w*v - v = m. List the prime factors of v.
7
Suppose 0 = 4*p + 3*w - 14, -2*p + w = -2*w - 16. Suppose -r + t = 4*t - 6, p*t = -r + 10. Let i(n) = n**3 + n**2 + 49. What are the prime factors of i(r)?
7
Let v be -6*(-508)/(-24)*-1. Suppose v*o - 3612 = 121*o. List the prime factors of o.
2, 7, 43
Let b(s) = -s**3 - 29*s**2 - 28*s + 3. Let n be b(-28). Suppose 5 + 1 = n*c. Suppose 5*v = c*v + 126. What are the prime factors of v?
2, 3, 7
Let h(c) = 23 - 9*c - 2*c**2 - 16 - 12 + 0*c**3 + c**3. List the prime factors of h(6).
5, 17
Let v = -216 - -218. Suppose 3*l = -15, -v*l = -3*y - 5*l + 1008. List the prime factors of y.
11, 31
What are the prime factors of 2*-1 + (16426 - -23) + 0?
16447
Let x be 1/(-3) + -7 + (-69)/9. What are the prime factors of 4/12 - 3715/x?
2, 31
Suppose -112*n = -20*n - 291732. List the prime factors of n.
3, 7, 151
Let q(f) = -1220*f + 13120. What are the prime factors of q(-21)?
2, 5, 13, 149
Suppose -3*y + 14 = 17, 0 = -5*v - y + 134. What are the prime factors of v?
3
Let t = -253 - -10376. What are the prime factors of t?
53, 191
Suppose f - f - f = 0. Suppose -5*i + 6*i - 5 = f. Suppose l - 227 = 5*n, -858 = -4*l - 0*n - i*n. List the prime factors of l.
7, 31
Let n(y) = 450*y**2 - 32*y + 37. What are the prime factors of n(5)?
3, 3709
Suppose 2*r - 6*r = 76. Let l(f) = -26*f + 22. Let i be l(r). Suppose 2*c = s - 3*s + i, -5*s = -4*c + 1023. List the prime factors of c.
257
Let w(m) = 18*m**3 - 16*m**2 + 13*m - 3. List the prime factors of w(9).
2, 3, 5, 199
Let g(w) = w**2 - 2*w + 9. Let j be (-9)/(-2)*24/9. Suppose -5*b - 23 = j. What are the prime factors of g(b)?
2, 3
Let s = -160 + 169. Suppose 5*m - 2*w + 162 = 0, m + 33 = w - 0. Let d = s - m. List the prime factors of d.
41
Suppose -m - 64 = 3*x + 18, -5*x - m - 134 = 0. What are the prime factors of (222/10 + -1)/(x/(-260))?
2, 53
Let k = 8644 - 3456. List the prime factors of k.
2, 1297
Let y be (-9)/(-21) + (-10896)/(-56). Suppose 3*a = -a + 3*r + y, 5*a + r = 239. List the prime factors of (-3)/18 + 4040/a.
2, 3, 7
Suppose 5*k + 3*z - 24 = z, 3*z = -3*k + 9. Suppose k*u - 2442 = u + x, 0 = 2*x - 6. What are the prime factors of u?
3, 163
Let z(o) = o**3 + 33*o**2 + 23*o + 177. What are the prime factors of z(-29)?
2, 3, 479
Let h = 50 - 44. Let l(q) = -h + 0*q**2 + 2*q**2 + 2*q**2 + 4*q + 2*q**2. List the prime factors of l(4).
2, 53
Let d(b) = b**2 - b - 6. Let n be d(-2). Suppose -6*v = -2*v + 2*g - 608, v + g - 151 = n. Let t = v - 37. List the prime factors of t.
2, 29
Let s be 4/(-18) - (-4 - (-1090)/(-45)). Suppose 0 = 7*r - 0 - s. List the prime factors of ((-6)/r)/((-8)/656).
3, 41
Let a(u) = 784*u - 8. Let b be a(-1). List the prime factors of -1 - -1 - b/((-16)/(-4)).
2, 3, 11
Let i be (-26)/8 - (-2 - (-55)/20). Let n(u) = -u**3 - 9*u**2 - 6*u + 10. Let p be n(-8). List the prime factors of p/i + (-1)/2*-9.
2, 3
Let v = 3908 + 13282. List the prime factors of v.
2, 3, 5, 191
Let s(y) = -y**2 + 14*y - 37. Let b be s(3). What are the prime factors of 8 + b - (-816 - (3 - 3))?
2, 5, 41
Let t(x) = -x**2 + 29*x + 35. Let i be t(29). Suppose 123 = 2*h + i. List the prime factors of h.
2, 11
Suppose 5*v + 15 = 55. Let u be (v + -8)*(-2)/(-4). Suppose u*w + 3*w - 51 = 0. List the prime factors of w.
17
Let z(g) = -91*g - 1997. What are the prime factors of z(-69)?
2, 2141
Suppose 5*v - 49 = -g + 15, 0 = 3*v - 5*g - 16. Let t be 2/(-5) - (v/(-15))/2. Suppose -18*w + 21*w - 93 = t. List the prime factors of w.
31
List the prime factors of 20/50 - (-16518)/30.
19, 29
What are the prime factors of 24/(-16)*(6 - (-3 - -4889))?
2, 3, 5, 61
Let z = -553 - -1118. Suppose -2*a - 97 = 5*d - 465, 3*a = -d + z. List the prime factors of a.
3, 7
Suppose -41 = -2*k + 3*t, -3*t + 6 + 49 = 4*k. Suppose 2*d + 28 = 2*h + k, -d + 1 = 0. What are the prime factors of h?
7
Let v = -3146 + 4121. What are the prime factors of v?
3, 5, 13
Let o be (-11)/(11/4) - -6. Suppose 3*b - o*z = 58, -4*b - 11*z = -9*z - 54. What are the prime factors of b?
2
Suppose 5*j - 5 = -5*g, 3*g - 6*g - 4*j = -3. Let s(l) = g - 44*l - 6*l - 2 - 8*l. What are the prime factors of s(-2)?
5, 23
Suppose -52*y = -178686 - 213966. What are the prime factors of y?
3, 839
Let a(p) be the third derivative of p**5/60 + p**4/12 + p**2 - 48. Let x be 6/39 - (-435)/(-39). List the prime factors of a(x).
3, 11
Let g(n) = 27*n**2 - 68*n + 778. What are the prime factors of g(-37)?
3, 7, 71
Let v(l) = 51*l - 288. Let o(f) = -f + 1. Let k(d) = 9*o(d) + v(d). List the prime factors of k(7).
3, 5
Let i(b) = b**3 - 17*b**2 + 8*b - 67. Let a be i(17). Suppose -856 = -3*d - 2*g, a*d - 3*g - 1147 = 65*d. List the prime factors of d.
2, 11, 13
Let n(s) = -8*s**2 + 8*s - 20. Let m be n(6). Let p = -128 + m. Let j = -266 - p. What are the prime factors of j?
2, 61
Let o(x) = -2*x**2 - 69*x - 20. Let h be o(-34). Suppose 2429 + 12999 = h*b. What are the prime factors of b?
2, 19, 29
Suppose 87*r + 205*r + 890676 = 2418712. List the prime factors of r.
5233
Let v(p) = 53*p**3 + 98*p**2 - 10*p - 3. What are the prime factors of v(7)?
2, 3, 23, 83
Suppose -29278 + 2923 - 18177 = -3*w. List the prime factors of w.
2, 3, 1237
Suppose -4*h + 5*h + 2*f = 16817, 0 = -12*h + 3*f + 201723. List the prime factors of h.
16811
List the prime factors of -5 + 6 + (-1994820)/(-60).
2, 1039
Let p(n) = -2*n**3 + 52*n**2 + 34*n + 55. What are the prime factors of p(20)?
3, 5, 41
Let b(i) = -2*i**3 - 116*i**2 - 321*i - 224. What are the prime factors of b(-61)?
73, 571
Let h(f) = 10*f**2 + f - 9. Let i(o) = -11*o**2 - 2*o + 10. Let w(j) = -6*h(j) - 5*i(j). Let s be w(3). Let z = 9 - s. List the prime factors of z.
2, 19
Suppose -2*z - 21*y + 24*y = -16930, -5*y = 12*z - 101488. List the prime factors of z.
11, 769
Suppose 29442 = -0*p + 2*p - 438. List the prime factors of p.
2, 3, 5, 83
Suppose 0 = 46*u - 50*u + 600. Suppose -2*d + u = -192. What are the prime factors of d?
3, 19
What are the prime factors of (-1)/((-3)/2) + (-5)/(75/(-86255))?
3, 71
Let x(y) = y + 3. Let o(d) = -d - 4. Let v(i) = -3*o(i) - 2*x(i). Let f be v(-6). Suppose 3*t + 5*t - 1200 = f. What are the prime factors of t?
2, 3, 5
Let v be (-8)/(15 - 11) + 2/1. Suppose 3*q + 785 - 860 = v. What are the prime factors of q?
5
Suppose -5*g - 3 + 8 = 0. Let z be 3/6*(g + (2 - 3)). Suppose z = 14*k - 98 - 14. What are the prime factors of k?
2
Suppose -5*u = 2*v - 13424, 9*v + 5*u - 26848 = 5*v. Suppose -3*p + 3*g + 5047 = 4*g, -4*p + v = -3*g. What are the prime factors of p?
41
Suppose 92277 = 12*d - 48699. Suppose -d = -2*n - 10*n. List the prime factors of n.
11, 89
Suppose -137 = x 